se 13?
-1c41892
Convert -110001101011110001111 (base 2) to base 13.
-450055
-457244 (base 8) to base 16
-25ea4
22011010202 (base 3) to base 10
160481
Convert -50a3bd (base 14) to base 2.
-1010010111011010000011
Convert -3117224 (base 9) to base 13.
-463c4b
10000001001111110 (base 2) to base 11
45799
-3cc73 (base 15) to base 16
-2fa6f
Convert 1300363 (base 9) to base 5.
140141023
Convert -33281 (base 11) to base 3.
-2110011221
Convert -12406083 (base 9) to base 3.
-102110020002210
Convert -92c659 (base 16) to base 12.
-327a6a1
576777 (base 15) to base 7
50320504
Convert 101110111000111111110 (base 2) to base 10.
1536510
What is 1406d (base 16) in base 15?
19489
What is -21324642 (base 7) in base 15?
-25eb39
What is 45590 (base 13) in base 7?
1033622
2a4a09 (base 11) to base 6
14103155
Convert -1049198 (base 12) to base 3.
-12210201110122
What is -203014342 (base 5) in base 4?
-3022132203
Convert 10224205 (base 7) to base 13.
243010
Convert 110011010100111111011 (base 2) to base 10.
1681915
What is -1422737 (base 9) in base 2?
-10111111000111100010
What is 1441042034 (base 5) in base 11?
2197a46
What is -36534523 (base 7) in base 2?
-1100011110001100010011
1453313 (base 6) to base 16
14c0d
14203100 (base 5) to base 7
1152242
What is -2694273 (base 11) in base 10?
-4646843
-1186368 (base 9) to base 11
-40265a
-4077b3 (base 15) to base 2
-1011101011110001010100
Convert 31004 (base 13) to base 15.
1b08e
Convert -50db03 (base 15) to base 14.
-720844
Convert -722444 (base 9) to base 13.
-11cc32
Convert 1013301210 (base 4) to base 8.
1076144
What is -6a7ea (base 15) in base 3?
-122020102111
Convert 25421838 (base 9) to base 14.
1929c2d
What is a8713 (base 15) in base 7?
4355211
10101111101010101100 (base 2) to base 10
719532
178873 (base 12) to base 3
202210002220
Convert -87950 (base 11) to base 7.
-1040660
What is 1424025 (base 7) in base 2?
101110101001011110
What is 210223031 (base 4) in base 13?
534b6
Convert -1705585 (base 10) to base 4.
-12200121301
-262087 (base 11) to base 5
-101201310
Convert 27ac11 (base 15) to base 10.
1909591
What is -650220 (base 7) in base 6?
-2230543
What is -227442 (base 8) in base 7?
-442150
What is 12312073 (base 8) in base 5?
1144144143
-20671503 (base 8) to base 9
-8276606
-bbbcd (base 15) to base 16
-91abc
What is 79564 (base 14) in base 8?
1077424
What is -68278 (base 15) in base 3?
-121211110212
What is 2264424 (base 7) in base 5?
33104104
What is -74e75 (base 15) in base 5?
-43334020
-29b1d0 (base 14) to base 13
-3bab5a
Convert 85588 (base 9) to base 11.
395a1
Convert 30404320 (base 5) to base 6.
5145352
Convert 35b50 (base 16) to base 2.
110101101101010000
Convert 1001011011101110 (base 2) to base 10.
38638
What is -100022010100022 (base 3) in base 9?
-10263308
2585043 (base 9) to base 4
11121102123
-631405 (base 7) to base 10
-108589
What is -15154423 (base 6) in base 5?
-113402440
What is -3240145 (base 6) in base 11?
-aa874
Convert 2022022 (base 6) to base 4.
113201132
cb6c (base 15) to base 6
531233
Convert 1719026 (base 10) to base 2.
110100011101011110010
What is -201411054 (base 6) in base 15?
-47dc5d
46832 (base 12) to base 5
11011002
Convert 38101 (base 15) to base 9.
302611
Convert -532231320 (base 6) to base 3.
-122121002010110
-74890 (base 10) to base 12
-3740a
What is 6161 (base 14) in base 9?
24865
-96571 (base 10) to base 6
-2023031
Convert 12111332 (base 6) to base 16.
5d6c8
What is 120022003323 (base 4) in base 13?
1409553
-114654 (base 11) to base 4
-230120221
-1000010101000000111 (base 2) to base 6
-5503235
110020102210 (base 3) to base 13
8584b
What is -2821 (base 15) in base 12?
-4b71
Convert 1240234 (base 5) to base 3.
1020112100
What is -3c44c (base 15) in base 2?
-101111001101000011
Convert 27401 (base 14) to base 15.
1da50
What is -16017 (base 10) in base 15?
-4b2c
What is 337264 (base 8) in base 7?
654254
What is -4142453 (base 6) in base 10?
-200193
Convert 7ac89 (base 16) to base 2.
1111010110010001001
Convert ba234 (base 14) to base 16.
6df96
What is 10684188 (base 10) in base 8?
50603434
What is -21101 (base 7) in base 11?
-39a3
443c9 (base 14) to base 11
1032a9
What is -50431543 (base 7) in base 16?
-3ff9fd
What is -32413333 (base 5) in base 15?
-57ae8
What is 22231055 (base 6) in base 11?
41a5a5
What is 426627 (base 9) in base 6?
5240511
Convert 1172351 (base 8) to base 2.
1001111010011101001
Convert 1170501 (base 12) to base 10.
3380689
Convert -3422410 (base 5) to base 11.
-418a7
Convert -31124341 (base 5) to base 12.
-103677
Convert 300302031303 (base 4) to base 12.
4348983
141263 (base 9) to base 2
10101000011100001
15433246 (base 7) to base 4
11223020110
What is -126605 (base 7) in base 10?
-23966
Convert -3672452 (base 8) to base 16.
-f752a
98590 (base 16) to base 15
c4d61
What is -1212200120002 (base 3) in base 6?
-33214515
-2320a (base 12) to base 7
-253615
What is af5873 (base 16) in base 8?
53654163
Convert -103423203 (base 5) to base 7.
-3560563
What is 16745a (base 14) in base 13?
217b07
Convert 4562465 (base 8) to base 5.
304111300
Convert -461a72 (base 13) to base 12.
-680b46
What is -1380bb (base 14) in base 2?
-10100100110101110101
-113661 (base 9) to base 2
-10000101011110010
Convert -461832 (base 16) to base 14.
-878146
What is -115d (base 14) in base 6?
-21555
Convert -175771 (base 8) to base 3.
-10021111002
What is -12201042 (base 6) in base 7?
-3210143
Convert -22573413 (base 9) to base 4.
-221312311203
12001101202100 (base 3) to base 14
4dc583
-21020020112 (base 3) to base 13
-4ca27
What is -103100302213 (base 4) in base 15?
-69b241
16c1c0 (base 16) to base 4
11230013000
Convert 122141200 (base 6) to base 10.
2346048
What is -1172080 (base 10) in base 5?
-300001310
What is -58a945 (base 12) in base 6?
-50342125
dcbc10 (base 16) to base 5
12200403224
Convert 40322243 (base 5) to base 10.
323448
What is 21a2d (base 15) in base 16?
1a1a6
What is 16546c (base 14) in base 4?
2333021020
Convert 3fb604 (base 16) to base 2.
1111111011011000000100
-315cb (base 14) to base 5
-12303101
What is -3ed35 (base 15) in base 13?
-70cb2
Convert 11355546 (base 9) to base 2.
10101000101101110000110
Convert -550515 (base 6) to base 14.
-12859
Convert -421320113 (base 6) to base 4.
-130002222231
What is -aae65a (base 15) in base 12?
-288b811
Convert -1105132 (base 7) to base 10.
-136243
Convert 68620 (base 13) to base 5.
22034412
Convert -24cdd (base 14) to base 9.
-146844
Convert 2316566 (base 7) to base 9.
482405
What is -1101110000000110 (base 2) in base 14?
-16754
What is -3c70a (base 14) in base 7?
-1162013
Convert -986a18 (base 11) to base 6.
-53435214
What is -1101001011110101 (base 2) in base 5?
-3212010
What is -1140202 (base 6) in base 16?
-e92a
What is -1244234 (base 5) in base 16?
-6170
Convert -112122011010 (base 3) to base 15.
-5a546
Convert 26506263 (base 7) to base 12.
997700
662347 (base 8) to base 14
5b0c7
What is -b196cb (base 14) in base 8?
-26640563
What is ed29 (base 16) in base 15?
12ec8
What is 88442 (base 15) in base 6?
13140242
-75418 (base 9) to base 6
-1023025
Convert -843582 (base 9) to base 4.
-1322120312
-8478 (base 16) to base 6
-421000
Convert 4346554 (base 9) to base 4.
20321310133
bcb2 (base 14) to base 9
48754
4045434 (base 6) to base 2
101111001000011110
Convert 1951305 (base 10) to base 9.
3603616
Convert -110022001111 (base 3) to base 12.
-b8104
22440001 (base 5) to base 13
71230
What is -2100546 (base 9) in base 8?
-4220112
befc7 (base 16) to base 14
165131
Convert 21340 (base 8) to base 15.
29a3
What is -12122211212 (base 3) in base 11?
-76796
78a40 (base 14) to base 13
a3403
Convert 4524631 (base 7) to base 5.
120423441
